11*v - 13. Let x be q(-9). Suppose -2*b + 4*i - 1 = -x, 2*b = 3*i + 3. Is 205 + (-2 - b - -2) prime?
False
Let h(n) = -11*n - 6. Let x be h(-3). Let i be 232/72 + 1*(-6)/x. Suppose u + i*d = -d + 1069, -5*d - 5295 = -5*u. Is u composite?
False
Let k(t) = 4*t**3 - 53*t**2 + 362*t - 256. Is k(81) a prime number?
True
Let s(l) be the third derivative of l**5/60 + l**4/8 - 7*l**3/6 + 91*l**2. Is s(-18) a prime number?
True
Let g(x) = 86*x**2 + 5*x + 3. Suppose 0*a - 5*a = 0. Suppose 15*b - 20*b + 20 = a. Is g(b) composite?
False
Is (5 - (-40)/30)*(-2)/((-4)/38946) composite?
True
Let n = -1272669 + 2409982. Is n a composite number?
False
Let c(m) = -214*m - 4. Let g be c(-7). Suppose -4*f + 16 = 0, 0*f - g = -2*z - 5*f. Suppose 8202 = 7*i - z. Is i prime?
True
Let s(o) = 9*o**2 + 1 - 14*o + 6*o + 9*o**3 - 3*o**3 - 6. Is s(3) composite?
True
Let h be (-8 - -7)/((-1)/(-2)). Let n be 11/(-4) + (-2)/8. Is 541/(n/6*h) composite?
False
Let g be (-24)/16*(-199122)/(-99). Suppose -o = -l - 3*o - 4514, -3*l - 3*o = 13557. Let m = g - l. Is m composite?
True
Suppose 0 = -5*f + 4*g + 106, -f + 2*f - g = 21. Let l(s) = 66*s - 67. Is l(f) a composite number?
True
Let k be (-4)/14 + 222/42. Suppose -47 - 6 = 4*f + 5*n, 4*n + 55 = -k*f. Let r = f + 426. Is r a composite number?
False
Let j(h) = 288*h - 24. Let t(u) = -288*u + 21. Let q(n) = 4*j(n) + 3*t(n). Is q(7) a composite number?
True
Let u(z) = z + 54. Let a be u(0). Let n = a - 51. Suppose -3*x + 2226 = n*x. Is x a prime number?
False
Let d be (-7)/4 - 0 - (-15)/20. Is d*(-314)/4*2 a composite number?
False
Let p(c) be the first derivative of -1945*c**2/2 + 12*c - 58. Is p(-2) a prime number?
False
Suppose 75*d - 18888 = -4263. Suppose 209*n - 45626 = d*n. Is n a composite number?
False
Suppose 5*j - 2*j + 3*i + 18 = 0, 3*i + 12 = -j. Is 6991 + (j/15 - (-42)/10) prime?
False
Let l = 32255 + -3474. Is l a composite number?
True
Suppose i - 22*i + 629800 = -235043. Is i a prime number?
True
Is (-7579985)/(-91) + 90/195 a prime number?
False
Suppose 135637 - 12003 = 4*k - 14058. Is k prime?
False
Suppose 20 - 40 = -5*l. Suppose 6 = -x - 3*s, -4*x - l = -2*x + 2*s. Is (-4)/(-16)*x + 91 a composite number?
True
Suppose -831*p + 10 = -836*p. Is (-36)/90*p/(-4)*-65465 a prime number?
True
Suppose -9*o = -4*o + 5. Is 4*(o + 4968) - 7 a composite number?
False
Suppose 7*l = 5*l - 38. Let x(c) = -3424*c - 33. Let g be x(l). Suppose 3*z - 10*z = -g. Is z prime?
False
Suppose -18*y + 344859 = -50871. Let q = y + -7934. Is q prime?
True
Let s(d) = -5304*d**3 + 2*d**2 + 2*d + 1. Suppose g + 1 = -i, -6*i + i = -4*g + 5. Is s(i) a prime number?
False
Let a(u) = -4*u**2 - 13*u - 2. Let w be a(-5). Let b be 4 + (w - (2 - 4)). Is b/((-16)/(-6) - 3) a composite number?
True
Let d be (((-3)/2)/(-3))/(5/70). Let x(b) = -b**2 + d*b - b**2 - 380*b**3 - 8*b. Is x(-1) a prime number?
True
Let t = 541 + -536. Suppose d = 5*f - 20970, t*f = 4*d - 2308 + 23293. Is f a prime number?
False
Suppose 5842830 = 28*r - 2825914. Is r a prime number?
False
Is (6/(-4) - -1)*(-1466270 + 1452/(-33)) prime?
True
Suppose 3*f + 113 = 2*s, -65 + 223 = -4*f - s. Let d = f + 43. Suppose -4*n + d*k = -316, k - 3*k = -5*n + 380. Is n prime?
False
Is (22342075/(-525))/(2/(-6)) prime?
True
Is (2764/6)/(2/258) - 18/(-6) prime?
False
Let m = 250 + -261. Let j(z) = 25*z**2 - 20*z - 42. Is j(m) composite?
False
Let h = 370 + -134. Suppose 3*j - 3*o = 4479, j = 5*o + 1237 + h. Suppose -4*d + 4*f = 3*f - 2009, 3*d + f - j = 0. Is d prime?
False
Let j be (8/10)/(24/60). Suppose -3*h + j*k = -11469 - 1676, -2*h + 8785 = 3*k. Is h composite?
True
Is (-8377646)/(-40) - (-129)/(-860) composite?
False
Let s(b) be the second derivative of 104*b**3 - b**2/2 + b. Let l(i) = i + 4. Let y be l(-3). Is s(y) a prime number?
False
Let q(m) = 2*m**3 + 12*m**2 + 2. Let c be q(-6). Suppose 0 = c*z + 4*j - 5506, -z + 8235 = 2*z - 2*j. Is z a prime number?
False
Let f(a) = -246*a**2 - 7*a - 9. Let v be f(-3). Let d = v - -3703. Suppose -94 - d = -11*x. Is x a composite number?
True
Suppose -4*r = 4, 4*t + 3*r - 3660 - 2809 = 0. Suppose -3*o + m - 5*m + t = 0, -4*o + 2194 = -2*m. Let h = -207 + o. Is h prime?
False
Let r be 3984 + -1 - (-3 - -2). Is r - ((-8 - -8) + -5) a prime number?
True
Suppose 0 = -41*y - 63*y - 39*y + 7726147. Is y composite?
True
Let y = 80 - 76. Suppose -y*j + 61 = 45. Is (30/(-105) - j/(-14)) + 887 a prime number?
True
Is (-149011)/(-9) + (-118)/(-531) a composite number?
True
Is (104*18020/8 + 5)*(-16)/(-80) a prime number?
True
Suppose 7*i - 87 = -24. Let v be (2 + (-21)/i)/((-1)/27). Is 3*(2634/v - 0) composite?
True
Let y(o) = 7*o**2 + 14*o + 49. Suppose -2*w = -5 - 1. Suppose 5*c - g = -65, -c + 0*g + w*g - 27 = 0. Is y(c) a composite number?
True
Let u(n) = 11*n**2 + 9*n**2 - 7 - 35*n**2 - 19*n + 13*n**2. Let h be ((-2)/3)/(1/6). Is u(h) a prime number?
True
Is (39/(-78))/(2/(-4668)) composite?
True
Let r = 53 - 55. Let b be ((-1085)/10 + (-3 - 0))*r. Suppose -2444 = -i - b. Is i a prime number?
True
Let y(m) = m**3 - 7*m**2 - 14*m - 12. Let d(r) = 3*r**3 - 20*r**2 - 41*r - 35. Let g(j) = 3*d(j) - 8*y(j). Let p be g(6). Is ((-4460)/30)/(2/p) prime?
True
Suppose -b + 11843 = 3*k, -5*b - 4*k + 53958 + 5301 = 0. Suppose 8*o + b = 13*o. Is o a composite number?
False
Let j = -4084 - -1993. Let o = -473 + j. Is (-1 - 1)/(8/o) a prime number?
True
Suppose -v - 4 = 0, l + 2*v - 1 + 9 = 0. Suppose l = i + j - 156, -j - j - 6 = 0. Suppose 12*b = 15*b - i. Is b a prime number?
True
Let b(o) = o**3 - 7*o**2 + 12*o - 7. Let c be b(5). Suppose -c*r + 4*r + 4562 = 5*m, 0 = m + 4*r - 925. Is m a composite number?
True
Let s = -40 + 49. Suppose -30115 = -28*y + s*y. Is y composite?
True
Let u be 4 - (-80067 - (5 - 0)). Suppose u = -h + 13*h. Is h a composite number?
False
Let x(c) = -50*c**3 - 2*c**2 - 6*c + 8. Let d be x(6). Is 2/(2*(-5)/d) - 1 a composite number?
False
Let f be (-2 + 3)*2/1. Let h(o) = -543*o + 3. Let l be h(f). Let k = l - -2437. Is k a composite number?
True
Let k = 3488 + 14362. Let z = k - 12447. Is z a prime number?
False
Suppose -2*j + 5*l + 10601 = -3*j, -5*j - 53028 = 2*l. Let g = 32753 + j. Is g a prime number?
True
Let o = -43207 - -84368. Is o prime?
True
Suppose -11925 = q + 4*q. Let i = 3928 + q. Is i prime?
True
Let w(j) = 7*j + 678. Is w(-8) a composite number?
True
Let k(z) = -1862*z**3 - 168*z**2 - 493*z - 2. Is k(-3) a composite number?
True
Suppose -3501998 + 4373297 = 62*c - 4537519. Is c a composite number?
True
Is 7/1 + 939424 + -104 prime?
False
Let d = -9106 - -5263. Let a be 25110/(-4) + (-2)/4. Let u = d - a. Is u prime?
False
Suppose 0 = v - 6*v + 15. Suppose v*b = b - 4*u + 178, 3*b - 4*u = 307. Suppose 94 = d - b. Is d composite?
False
Suppose 4*n = -5*b + 7084, -5*b - 2437 = 2*n - 5989. Suppose -12*j + 22 = -n. Is j a composite number?
False
Suppose 0 = -22*n - 35 + 123. Suppose 4*x - 22115 = 3*f, -n*f + 5534 = x - 3*f. Is x a prime number?
True
Let f(a) = -251*a + 164. Suppose -91 = 3*c + l, -3 = -c - 5*l - 38. Is f(c) prime?
False
Let x be 9234 + -8 + 8 + -4. Let j(q) = 2*q - 16. Let l be j(8). Suppose -9*i - i + x = l. Is i composite?
True
Suppose -4*g + 245503 = -7*g - 4*c, 0 = -g - c - 81835. Is 3/6 - g/18 a prime number?
True
Let w(u) = 2*u**2 - 102*u + 18. Let m be w(51). Is (m/(-6) + 8)*(4 + 987) a composite number?
True
Let r = 113617 - 79008. Is r composite?
True
Let q = 18 - 1. Suppose -q*h + 19*h - 6 = 0. Suppose 0 = -2*x - 4, h*j + 5*x = 4276 + 2161. Is j composite?
True
Suppose -3*h + 3807 = -3*s, -2*s - 3033 = 2*h - 507. Is s/22*-51 - 20/(-110) a composite number?
True
Let j(w) = 27*w + 66. Let b be j(-3). Let r(o) = 88*o**2 + 24*o + 131. Is r(b) a prime number?
True
Let j be 24/(-30) - (1 + (-57)/15). Let v(q) = 2*q**j + 363*q + 22 - 181*q - 185*q. Is v(-9) a prime number?
True
Suppose -5*q = -10, 229*q = -2*a + 232*q + 3142528. Is a composite?
False
Let i = 117221 - 4888. Is i a composite number?
True
Let z(m) = m**3 + 8*m**2 - 18*m - 4. Let d be z(-10). Let v = -18 - d. Suppose -149 = 5*g - v*g. Is g a composite number?
False
Let j = 131 - 11. Let h = 100 - 71. Let c = j + h. Is c a composite number?
False
Suppose 3*v = 4*u - 115, -2*u - 2*v + 52 = 2*v. Let b = u + -25. Is 2/(-18)*-3 + 860/b a 